 Let d be q(6). Let u = d - 53. What is the greatest common factor of s and u?
7
Suppose -25*s = -0*s - 6175. Calculate the highest common divisor of s and 65.
13
Let q = 40 - 15. Let b be ((-27)/6 + 5)*(-10)/(-1). Calculate the greatest common factor of q and b.
5
Suppose -3*j = -5*j - b + 9, -2*j - 1 = -b. Suppose -j*i + z + 66 = -2*z, 0 = -3*z + 6. What is the greatest common divisor of i and 4?
4
Let d be ((-12)/5)/(12/(-210)). Calculate the highest common factor of 21 and d.
21
Let q be -3*(1 + -2)*5. Let j = -18 - -21. Let v be (-4)/(4/j) - -138. What is the highest common factor of v and q?
15
Let y be (2 - -1) + -2 - -2. Suppose 4*w = 12, -8*i + 88 = -y*i - 4*w. Calculate the greatest common factor of 50 and i.
10
Suppose -21*g = -6*g - 15. What is the highest common factor of 257 and g?
1
Suppose 16*v - 11*v = 3*i + 40, 48 = 3*v + 3*i. What is the greatest common divisor of v and 209?
11
Let f(h) = -h**2 - 23*h + 18 + 6*h + 9*h. Let c be f(-8). What is the highest common factor of c and 9?
9
Let z be -18 + 20 - (-56 + -6). Suppose -5*y - 2*g + 234 = 0, 2*y = y + g + 51. What is the greatest common factor of z and y?
16
Let p be -4 - ((-194)/22 + (-24)/132). Suppose 4*o = -2*t + 30, 0 = -6*t + t + p. What is the highest common factor of o and 119?
7
Suppose 2*o = -j - 32, -5*o = -2*j - 3*o - 46. Let v be (-4)/j - 6990/(-195). What is the highest common divisor of v and 36?
36
Suppose -27*u - 6*u = -627. What is the greatest common divisor of 513 and u?
19
Let b be 1836/4*(33/(-36) - -1)*4. Suppose h - 34 = -h. Calculate the highest common factor of h and b.
17
Suppose -5*w + 3*b + 1251 = -466, -2*w - b = -678. Let d = 486 - w. What is the greatest common divisor of 29 and d?
29
Let j be -4 + 51 + (-1 - 1). Suppose -5*p + j = 3*x, -4*p + 5*x + 48 - 12 = 0. Calculate the greatest common factor of 3 and p.
3
Let s be (-2 + 32)/((-21)/(-112)). What is the highest common divisor of s and 64?
32
Suppose -2*v = -1636 + 610. What is the greatest common factor of v and 57?
57
Suppose -7*r = -2*r. Let d(c) = -c**2 - c + 11. Let b be d(r). Let m = 20 - -90. What is the greatest common divisor of b and m?
11
Let m be ((-16)/3)/((-8)/12). Suppose 5*i = -0*i + 2*y + 139, 0 = -4*y - m. Let d = i + -11. Calculate the highest common factor of d and 80.
16
Suppose 0 = 3*t, 3*n - 3*t - 113 = 76. Suppose 2*i - 405 + n = 0. What is the greatest common divisor of 19 and i?
19
Let c(x) be the first derivative of 13*x**2/2 + 7*x - 4. Let o be c(9). Let i be o/12 - (-1)/(-3). What is the highest common divisor of i and 5?
5
Suppose -7*p = -3*p - 112. Let i be (576/p)/(-6)*-7. What is the highest common divisor of i and 60?
12
Suppose 4*v + 2*r - 2624 = 0, 2*v - 2*r - 1215 = 97. Calculate the greatest common divisor of 80 and v.
16
Suppose 5*u - 25 = -5*m + 50, 0 = 2*m - 5*u - 51. Calculate the greatest common divisor of m and 36.
18
Let o(q) = q**3 + 6*q**2 + q + 24. Let n be o(-5). Calculate the highest common factor of n and 154.
22
Let x be (1 - (1 - 4))/(4/9). Let q = -1 + 0. Let v be (1 + (-4)/2)*q. Calculate the greatest common divisor of v and x.
1
Let z be 4/38 + 23782/418. Calculate the greatest common factor of 19 and z.
19
Suppose -1156 = -61*w + 2543 + 998. Let x be (-2 + 3)/((-2)/(-22)). Calculate the highest common factor of x and w.
11
Let r = -528 + 605. Calculate the highest common divisor of r and 7.
7
Suppose -112*w = -105*w - 147. Suppose 0 = -4*k - 190 + 862. Calculate the greatest common factor of k and w.
21
Let q = 2 + 3. Suppose 3*y + 4*m = 79, 0 = -19*y + 17*y + 4*m + 46. What is the highest common divisor of q and y?
5
Let p(u) = 27*u**2 + 10*u + 8. Let y be p(2). Suppose 71 = 3*v - 2*c + 6*c, 63 = 4*v - c. Calculate the greatest common divisor of v and y.
17
Let w(t) = 0 - 9 + 19*t + 3*t**2 + t**2. Let z be w(-6). What is the highest common divisor of 3 and z?
3
Suppose -74*i = -16162 - 27128. Calculate the greatest common factor of 260 and i.
65
Suppose 4*q - 3*k - 411 = 0, -3*q - k = -0*k - 292. Let x = -601 - -612. Calculate the highest common factor of x and q.
11
Suppose 79*z + 3*u = 74*z + 3, 3*z + 3 = -3*u. Calculate the highest common factor of z and 117.
3
Suppose -5 = -a - 1. Let v be 3*(a - -3) - 2. Calculate the highest common divisor of v and 95.
19
Let b = 5326 + -5306. Let i = -17 + 11. Let g be (100/3)/((-2)/i). What is the highest common divisor of b and g?
20
Let c = 15 - 10. Suppose 3*y = 7*y + 2*r - 558, 309 = 2*y - c*r. Let w be (y - 20) + (-2)/1. What is the greatest common divisor of w and 24?
24
Suppose 0*d - 3*t = 5*d - 68, 3*t = 3. Suppose -d = -f - 0*f. What is the highest common divisor of 91 and f?
13
Let h be (62/(-4))/((-3)/6). Let a = h + -1. Suppose 0*k + a = k. What is the highest common factor of k and 75?
15
Let n = 112 + -111. Suppose j = -n - 2, -2*y = 2*j - 4. What is the highest common divisor of 25 and y?
5
Let y be (-34)/(-3)*-15*40/(-50). What is the greatest common factor of 204 and y?
68
Let h = 285 + -247. What is the highest common factor of 2 and h?
2
Let m(x) = -1 - x**2 + 2*x**2 - 8 + 7*x + x**2. Let k be m(-6). Let i(w) = -14*w. Let r be i(-1). Calculate the highest common divisor of r and k.
7
Suppose -3*f + 10 = -f, -3*f + 1395 = 5*l. Calculate the greatest common factor of 12 and l.
12
Suppose 3*q - 25*q = -21736. What is the highest common factor of 52 and q?
52
Suppose 2*z + 1 - 69 = -2*w, 0 = -2*w + 2*z + 76. Let k(f) = f**3 - f**2 + 3*f - 1. Let n be k(2). What is the greatest common factor of w and n?
9
Let t(g) = -129*g - 176. Let m be t(-4). What is the highest common divisor of m and 68?
68
Let a(d) = 7*d**2 - 2. Let p be a(1). Suppose -5*l = 3*g - 147, -p*g - 7 = -l - 0. Let m be 52/3 + (-4)/(-6). Calculate the highest common divisor of m and l.
9
Suppose -u - 176 = -5*u + 2*a, 2*a - 94 = -2*u. Let c be -1 - 1*(0 - 3). Let k be (2 - -2)*5 - c. What is the highest common divisor of u and k?
9
Suppose -i + 697 = 2*r, 2*r = 13*i - 11*i + 694. Calculate the highest common factor of 6 and r.
6
Let p be ((-14)/28)/(2/(-56)). What is the highest common factor of p and 1267?
7
Let m(i) = 0 - i + 0*i + 7 - 12. Let f be m(-6). Suppose 2*u = -3*h + 105, h = 2 - f. Calculate the highest common factor of 17 and u.
17
Suppose c = -0*u - 4*u + 319, 0 = -2*c + 4*u + 626. Suppose 3*t + 23 = q - 52, q = 2*t + 71. Calculate the greatest common factor of q and c.
63
Let t = -1 + 4. Let g(u) = u**3 + 6*u**2. Let i(b) = b**2 + 10*b - 27. Let y be i(-12). Let l be g(y). What is the highest common divisor of t and l?
3
Suppose 4*a - 3441 - 4627 = 0. Suppose -7*i - 708 = -a. Calculate the greatest common divisor of i and 11.
11
Let a(r) = -5*r + 11. Let h be a(-8). Suppose -j = -s - h, -5*j + 246 = -s - s. Suppose -4*g - j + 152 = 0. Calculate the highest common factor of g and 26.
26
Let m = 66 - 114. Let g be (2/3)/(2/m). Let l = g + 28. What is the greatest common divisor of 6 and l?
6
Let n(y) = 31*y + 9. Let z be n(5). Suppose 7*u - 424 - z = 0. Let q = 63 + -35. What is the highest common factor of u and q?
28
Let v = -15 - -23. Let s be (-24)/(-16)*v/3. Suppose 0*x - 72 = -s*x. What is the highest common divisor of 6 and x?
6
Suppose -5*m + 4*m = -3. Suppose 3*q - 5*n = 403, -4*q - m*n + 0*n = -547. What is the highest common factor of 17 and q?
17
Let q(d) = d**3 + 6*d**2 - 7*d + 3. Let w be q(-7). Suppose -w*o + 0 = -9. Let z = o + 81. What is the highest common factor of z and 21?
21
Let r = -45 + 63. Let b be (1 + (-6)/4)*-36. What is the highest common divisor of b and r?
18
Let u be ((-21)/(-9) - -1)*(-21)/(-14). Calculate the greatest common factor of u and 5.
5
Let i(h) = 6*h + 1. Let w be i(1). Let d(p) = -38*p**2 + p. Let l be d(-1). Let r = 74 + l. What is the greatest common divisor of w and r?
7
Suppose f - 13 = -3*z + 9, z - 3*f - 24 = 0. Let p(n) = n**3 - 8*n**2 - 10*n + 8. Let s be p(z). Let c = s - -28. What is the highest common factor of c and 18?
9
Let m(z) = 4*z**2 + 17*z - 22. Let x be m(-12). What is the highest common factor of 25 and x?
25
Suppose -4*y = -2*y - 2*d - 14, -5*d = 4*y - 37. What is the highest common factor of y and 4?
4
Let z(n) = -2*n - 2. Suppose -3 = i - 1. Let u be z(i). Let t = 59 - 37. Calculate the greatest common factor of t and u.
2
Le